{"id":469,"date":"2022-07-13T14:49:38","date_gmt":"2022-07-13T14:49:38","guid":{"rendered":"https:\/\/sites-bibliotheques.dev.uqam.ca\/livres-rares\/?page_id=469"},"modified":"2023-02-08T19:25:05","modified_gmt":"2023-02-08T19:25:05","slug":"dans-les-medias","status":"publish","type":"page","link":"https:\/\/sites-bibliotheques.uqam.ca\/livres-rares\/dans-les-medias\/","title":{"rendered":"Dans les m\u00e9dias"},"content":{"rendered":"\n<div class=\"wp-block-columns is-layout-flex wp-container-core-columns-is-layout-9d6595d7 wp-block-columns-is-layout-flex\">\n<div class=\"wp-block-column is-layout-flow wp-block-column-is-layout-flow\" style=\"flex-basis:100%\">\n<h2 class=\"wp-block-heading\"><\/h2>\n\n\n\n<div class=\"wp-block-columns is-layout-flex wp-container-core-columns-is-layout-9d6595d7 wp-block-columns-is-layout-flex\">\n<div class=\"wp-block-column is-layout-flow wp-block-column-is-layout-flow\">\n<figure class=\"wp-block-image size-full\"><img loading=\"lazy\" decoding=\"async\" width=\"350\" height=\"350\" src=\"https:\/\/sites-bibliotheques.uqam.ca\/livres-rares\/wp-content\/uploads\/sites\/3\/2022\/11\/Dans-les-me\u0301dias.png\" alt=\"\" class=\"wp-image-880\" srcset=\"https:\/\/sites-bibliotheques.uqam.ca\/livres-rares\/wp-content\/uploads\/sites\/3\/2022\/11\/Dans-les-me\u0301dias.png 350w, https:\/\/sites-bibliotheques.uqam.ca\/livres-rares\/wp-content\/uploads\/sites\/3\/2022\/11\/Dans-les-me\u0301dias-300x300.png 300w, https:\/\/sites-bibliotheques.uqam.ca\/livres-rares\/wp-content\/uploads\/sites\/3\/2022\/11\/Dans-les-me\u0301dias-150x150.png 150w\" sizes=\"auto, (max-width: 350px) 100vw, 350px\" \/><figcaption><a href=\"https:\/\/presence-info.ca\/article\/actualite\/culture\/livres\/franciscana-renaissance-dune-collection\/\" target=\"_blank\" rel=\"noreferrer noopener\">Article \u00ab\u00a0Franciscana : renaissance d\u2019une collection\u00a0\u00bb<\/a><\/figcaption><\/figure>\n<\/div>\n\n\n\n<div class=\"wp-block-column is-layout-flow wp-block-column-is-layout-flow\">\n<figure class=\"wp-block-image size-full\"><img loading=\"lazy\" decoding=\"async\" width=\"400\" height=\"399\" src=\"https:\/\/sites-bibliotheques.uqam.ca\/livres-rares\/wp-content\/uploads\/sites\/3\/2022\/07\/2022-07-13_11-26-00.jpg\" alt=\"\" class=\"wp-image-491\" srcset=\"https:\/\/sites-bibliotheques.uqam.ca\/livres-rares\/wp-content\/uploads\/sites\/3\/2022\/07\/2022-07-13_11-26-00.jpg 400w, https:\/\/sites-bibliotheques.uqam.ca\/livres-rares\/wp-content\/uploads\/sites\/3\/2022\/07\/2022-07-13_11-26-00-300x300.jpg 300w, https:\/\/sites-bibliotheques.uqam.ca\/livres-rares\/wp-content\/uploads\/sites\/3\/2022\/07\/2022-07-13_11-26-00-150x150.jpg 150w\" sizes=\"auto, (max-width: 400px) 100vw, 400px\" \/><figcaption><a href=\"https:\/\/ici.radio-canada.ca\/util\/postier\/suggerer-go.asp?nID=4727567\" target=\"_blank\" rel=\"noreferrer noopener\">Entrevue \u00e0&nbsp;Radio-Canada \u00e0 propos du legs de livres rares re\u00e7u par l&rsquo;UQAM<\/a><\/figcaption><\/figure>\n<\/div>\n\n\n\n<div class=\"wp-block-column is-layout-flow wp-block-column-is-layout-flow\">\n<figure class=\"wp-block-image size-full\"><img loading=\"lazy\" decoding=\"async\" width=\"1000\" height=\"1000\" src=\"https:\/\/sites-bibliotheques.uqam.ca\/livres-rares\/wp-content\/uploads\/sites\/3\/2022\/07\/2022-07-13_11-34-43-2.jpg\" alt=\"\" class=\"wp-image-494\" srcset=\"https:\/\/sites-bibliotheques.uqam.ca\/livres-rares\/wp-content\/uploads\/sites\/3\/2022\/07\/2022-07-13_11-34-43-2.jpg 1000w, https:\/\/sites-bibliotheques.uqam.ca\/livres-rares\/wp-content\/uploads\/sites\/3\/2022\/07\/2022-07-13_11-34-43-2-300x300.jpg 300w, https:\/\/sites-bibliotheques.uqam.ca\/livres-rares\/wp-content\/uploads\/sites\/3\/2022\/07\/2022-07-13_11-34-43-2-150x150.jpg 150w, https:\/\/sites-bibliotheques.uqam.ca\/livres-rares\/wp-content\/uploads\/sites\/3\/2022\/07\/2022-07-13_11-34-43-2-768x768.jpg 768w\" sizes=\"auto, (max-width: 1000px) 100vw, 1000px\" \/><figcaption><a href=\"https:\/\/www.ledevoir.com\/lire\/638547\/histoire-un-legs-de-livres-rares-et-precieux\" target=\"_blank\" rel=\"noreferrer noopener\">Article : \u00ab\u00a0Un legs de livres rares et pr\u00e9cieux\u00a0\u00bb<\/a><\/figcaption><\/figure>\n<\/div>\n<\/div>\n<\/div>\n<\/div>\n\n\n\n<div class=\"wp-block-columns is-layout-flex wp-container-core-columns-is-layout-9d6595d7 wp-block-columns-is-layout-flex\">\n<div class=\"wp-block-column is-layout-flow wp-block-column-is-layout-flow\">\n<figure class=\"wp-block-image size-full\"><img loading=\"lazy\" decoding=\"async\" width=\"950\" height=\"1003\" src=\"https:\/\/sites-bibliotheques.uqam.ca\/livres-rares\/wp-content\/uploads\/sites\/3\/2022\/07\/2022-07-13_11-34-43g.jpg\" alt=\"\" class=\"wp-image-496\" srcset=\"https:\/\/sites-bibliotheques.uqam.ca\/livres-rares\/wp-content\/uploads\/sites\/3\/2022\/07\/2022-07-13_11-34-43g.jpg 950w, https:\/\/sites-bibliotheques.uqam.ca\/livres-rares\/wp-content\/uploads\/sites\/3\/2022\/07\/2022-07-13_11-34-43g-284x300.jpg 284w, https:\/\/sites-bibliotheques.uqam.ca\/livres-rares\/wp-content\/uploads\/sites\/3\/2022\/07\/2022-07-13_11-34-43g-768x811.jpg 768w\" sizes=\"auto, (max-width: 950px) 100vw, 950px\" \/><figcaption><a href=\"https:\/\/actualites.uqam.ca\/2021\/precieux-don-de-livres-uqam\/\" target=\"_blank\" rel=\"noreferrer noopener\">Article : \u00ab\u00a0Pr\u00e9cieux don de livres \u00e0 l\u2019UQAM\u00a0\u00bb<\/a><\/figcaption><\/figure>\n<\/div>\n\n\n\n<div class=\"wp-block-column is-layout-flow wp-block-column-is-layout-flow\">\n<figure class=\"wp-block-image size-full\"><img loading=\"lazy\" decoding=\"async\" width=\"950\" height=\"1003\" src=\"https:\/\/sites-bibliotheques.uqam.ca\/livres-rares\/wp-content\/uploads\/sites\/3\/2023\/02\/dumouchel.jpg\" alt=\"\" class=\"wp-image-1033\" srcset=\"https:\/\/sites-bibliotheques.uqam.ca\/livres-rares\/wp-content\/uploads\/sites\/3\/2023\/02\/dumouchel.jpg 950w, https:\/\/sites-bibliotheques.uqam.ca\/livres-rares\/wp-content\/uploads\/sites\/3\/2023\/02\/dumouchel-284x300.jpg 284w, https:\/\/sites-bibliotheques.uqam.ca\/livres-rares\/wp-content\/uploads\/sites\/3\/2023\/02\/dumouchel-768x811.jpg 768w\" sizes=\"auto, (max-width: 950px) 100vw, 950px\" \/><figcaption><a href=\"https:\/\/actualites.uqam.ca\/2023\/hommage-a-albert-dumouchel\/\" target=\"_blank\" rel=\"noreferrer noopener\">Article : \u00ab&nbsp;Hommage \u00e0 Albert Dumouchel&nbsp;\u00bb<\/a><\/figcaption><\/figure>\n<\/div>\n\n\n\n<div class=\"wp-block-column is-layout-flow wp-block-column-is-layout-flow\"><\/div>\n<\/div>\n\n\n\n<h2 class=\"wp-block-heading\">2022<\/h2>\n\n\n\n<ul class=\"wp-block-list\"><li>Fannie Dionne. (2022, 3 octobre). Franciscana : renaissance d\u2019une collection. <em>Pr\u00e9sence \u2013 information religieuse<\/em>. <a href=\"https:\/\/presence-info.ca\/article\/actualite\/culture\/livres\/franciscana-renaissance-dune-collection\/\" target=\"_blank\" rel=\"noreferrer noopener\">https:\/\/presence-info.ca\/article\/actualite\/culture\/livres\/franciscana-renaissance-dune-collection\/<\/a><\/li><\/ul>\n\n\n\n<h2 class=\"wp-block-heading\">2021<\/h2>\n\n\n\n<ul class=\"wp-block-list\"><li>(2021, 14 octobre). On appelle Maxime Laprade \u00e0 propos du legs de livres rares re\u00e7u par l\u2019UQAM. Radio-Canada, <em>Plus on est de fous, plus on lit! <\/em><a href=\"https:\/\/ici.radio-canada.ca\/ohdio\/premiere\/emissions\/plus-on-est-de-fous-plus-on-lit\/episodes\/576978\/rattrapage-du-jeudi-14-octobre-2021\/4\" target=\"_blank\" rel=\"noreferrer noopener\">https:\/\/ici.radio-canada.ca\/ohdio\/premiere\/emissions\/plus-on-est-de-fous-plus-on-lit\/episodes\/576978\/rattrapage-du-jeudi-14-octobre-2021\/4<\/a><\/li><li>Pierre-Etienne Caza. (2021, 12 octobre). Pr\u00e9cieux don de livres \u00e0 l\u2019UQAM | UQAM. <em>Actualit\u00e9s UQAM<\/em>. <a href=\"https:\/\/actualites.uqam.ca\/2021\/precieux-don-de-livres-uqam\/\" target=\"_blank\" rel=\"noreferrer noopener\">https:\/\/actualites.uqam.ca\/2021\/precieux-don-de-livres-uqam\/<\/a><\/li><li>Jean-Fran\u00e7ois Nadeau. (2021, 7 octobre). Un legs de livres rares et pr\u00e9cieux pour l\u2019UQAM. <em>Le Devoir<\/em>. <a href=\"https:\/\/www.ledevoir.com\/lire\/638547\/histoire-un-legs-de-livres-rares-et-precieux\" target=\"_blank\" rel=\"noreferrer noopener\">https:\/\/www.ledevoir.com\/lire\/638547\/histoire-un-legs-de-livres-rares-et-precieux<\/a><\/li><\/ul>\n\n\n\n<p><\/p>\n","protected":false},"excerpt":{"rendered":"<p>2022 Fannie Dionne. (2022, 3 octobre). Franciscana : renaissance d\u2019une collection. Pr\u00e9sence \u2013 information religieuse. https:\/\/presence-info.ca\/article\/actualite\/culture\/livres\/franciscana-renaissance-dune-collection\/ 2021 (2021, 14 octobre). On appelle Maxime Laprade \u00e0 propos du legs de livres rares re\u00e7u par l\u2019UQAM. Radio-Canada, Plus on est de fous, plus on lit! https:\/\/ici.radio-canada.ca\/ohdio\/premiere\/emissions\/plus-on-est-de-fous-plus-on-lit\/episodes\/576978\/rattrapage-du-jeudi-14-octobre-2021\/4 Pierre-Etienne Caza. (2021, 12 octobre). Pr\u00e9cieux don de livres \u00e0 l\u2019UQAM [&hellip;]<\/p>\n","protected":false},"author":1,"featured_media":0,"parent":0,"menu_order":0,"comment_status":"closed","ping_status":"closed","template":"","meta":{"advgb_blocks_editor_width":"","advgb_blocks_columns_visual_guide":"","footnotes":""},"categories":[],"class_list":["post-469","page","type-page","status-publish","hentry"],"yoast_head":"<!-- This site is optimized with the Yoast SEO plugin v26.9 - https:\/\/yoast.com\/product\/yoast-seo-wordpress\/ -->\n<title>Dans les m\u00e9dias | Centre des livres rares et collections sp\u00e9ciales | UQAM<\/title>\n<meta name=\"robots\" content=\"index, follow, max-snippet:-1, max-image-preview:large, max-video-preview:-1\" \/>\n<link rel=\"canonical\" href=\"https:\/\/sites-bibliotheques.uqam.ca\/livres-rares\/dans-les-medias\/\" \/>\n<meta property=\"og:locale\" content=\"fr_CA\" \/>\n<meta property=\"og:type\" content=\"article\" \/>\n<meta property=\"og:title\" content=\"Dans les m\u00e9dias | Centre des livres rares et collections sp\u00e9ciales | UQAM\" \/>\n<meta property=\"og:description\" content=\"2022 Fannie Dionne. (2022, 3 octobre). Franciscana : renaissance d\u2019une collection. Pr\u00e9sence \u2013 information religieuse. https:\/\/presence-info.ca\/article\/actualite\/culture\/livres\/franciscana-renaissance-dune-collection\/ 2021 (2021, 14 octobre). On appelle Maxime Laprade \u00e0 propos du legs de livres rares re\u00e7u par l\u2019UQAM. Radio-Canada, Plus on est de fous, plus on lit! https:\/\/ici.radio-canada.ca\/ohdio\/premiere\/emissions\/plus-on-est-de-fous-plus-on-lit\/episodes\/576978\/rattrapage-du-jeudi-14-octobre-2021\/4 Pierre-Etienne Caza. (2021, 12 octobre). Pr\u00e9cieux don de livres \u00e0 l\u2019UQAM [&hellip;]\" \/>\n<meta property=\"og:url\" content=\"https:\/\/sites-bibliotheques.uqam.ca\/livres-rares\/dans-les-medias\/\" \/>\n<meta property=\"og:site_name\" content=\"Centre des livres rares et collections sp\u00e9ciales\" \/>\n<meta property=\"article:modified_time\" content=\"2023-02-08T19:25:05+00:00\" \/>\n<meta property=\"og:image\" content=\"https:\/\/sites-bibliotheques.uqam.ca\/livres-rares\/wp-content\/uploads\/sites\/3\/2022\/07\/2022-07-13_11-26-00.jpg\" \/>\n<meta name=\"twitter:card\" content=\"summary_large_image\" \/>\n<meta name=\"twitter:label1\" content=\"Estimation du temps de lecture\" \/>\n\t<meta name=\"twitter:data1\" content=\"2 minutes\" \/>\n<script type=\"application\/ld+json\" class=\"yoast-schema-graph\">{\"@context\":\"https:\/\/schema.org\",\"@graph\":[{\"@type\":\"WebPage\",\"@id\":\"https:\/\/sites-bibliotheques.uqam.ca\/livres-rares\/dans-les-medias\/\",\"url\":\"https:\/\/sites-bibliotheques.uqam.ca\/livres-rares\/dans-les-medias\/\",\"name\":\"Dans les m\u00e9dias | Centre des livres rares et collections sp\u00e9ciales | UQAM\",\"isPartOf\":{\"@id\":\"https:\/\/sites-bibliotheques.uqam.ca\/livres-rares\/#website\"},\"primaryImageOfPage\":{\"@id\":\"https:\/\/sites-bibliotheques.uqam.ca\/livres-rares\/dans-les-medias\/#primaryimage\"},\"image\":{\"@id\":\"https:\/\/sites-bibliotheques.uqam.ca\/livres-rares\/dans-les-medias\/#primaryimage\"},\"thumbnailUrl\":\"https:\/\/sites-bibliotheques.uqam.ca\/livres-rares\/wp-content\/uploads\/sites\/3\/2022\/07\/2022-07-13_11-26-00.jpg\",\"datePublished\":\"2022-07-13T14:49:38+00:00\",\"dateModified\":\"2023-02-08T19:25:05+00:00\",\"breadcrumb\":{\"@id\":\"https:\/\/sites-bibliotheques.uqam.ca\/livres-rares\/dans-les-medias\/#breadcrumb\"},\"inLanguage\":\"fr-CA\",\"potentialAction\":[{\"@type\":\"ReadAction\",\"target\":[\"https:\/\/sites-bibliotheques.uqam.ca\/livres-rares\/dans-les-medias\/\"]}]},{\"@type\":\"ImageObject\",\"inLanguage\":\"fr-CA\",\"@id\":\"https:\/\/sites-bibliotheques.uqam.ca\/livres-rares\/dans-les-medias\/#primaryimage\",\"url\":\"https:\/\/sites-bibliotheques.uqam.ca\/livres-rares\/wp-content\/uploads\/sites\/3\/2022\/07\/2022-07-13_11-26-00.jpg\",\"contentUrl\":\"https:\/\/sites-bibliotheques.uqam.ca\/livres-rares\/wp-content\/uploads\/sites\/3\/2022\/07\/2022-07-13_11-26-00.jpg\",\"width\":400,\"height\":399},{\"@type\":\"WebSite\",\"@id\":\"https:\/\/sites-bibliotheques.uqam.ca\/livres-rares\/#website\",\"url\":\"https:\/\/sites-bibliotheques.uqam.ca\/livres-rares\/\",\"name\":\"Centre des livres rares et collections sp\u00e9ciales\",\"description\":\"Un site utilisant Site des biblioth\u00e8ques en DEV\",\"publisher\":{\"@id\":\"https:\/\/sites-bibliotheques.uqam.ca\/livres-rares\/#organization\"},\"potentialAction\":[{\"@type\":\"SearchAction\",\"target\":{\"@type\":\"EntryPoint\",\"urlTemplate\":\"https:\/\/sites-bibliotheques.uqam.ca\/livres-rares\/recherche\/?q={search_term_string}\"},\"query-input\":{\"@type\":\"PropertyValueSpecification\",\"valueRequired\":true,\"valueName\":\"search_term_string\"}}],\"inLanguage\":\"fr-CA\"},{\"@type\":\"Organization\",\"@id\":\"https:\/\/sites-bibliotheques.uqam.ca\/livres-rares\/#organization\",\"name\":\"Centre de consultation des livres rares\",\"url\":\"https:\/\/sites-bibliotheques.uqam.ca\/livres-rares\/\",\"logo\":{\"@type\":\"ImageObject\",\"inLanguage\":\"fr-CA\",\"@id\":\"https:\/\/sites-bibliotheques.uqam.ca\/livres-rares\/#\/schema\/logo\/image\/\",\"url\":\"https:\/\/gabarit-adaptatif.uqam.ca\/statique\/images\/logo-uqam.jpg\",\"contentUrl\":\"\",\"caption\":\"Centre de consultation des livres rares\"},\"image\":{\"@id\":\"https:\/\/sites-bibliotheques.uqam.ca\/livres-rares\/#\/schema\/logo\/image\/\"},\"parentOrganization\":{\"@type\":\"EducationalOrganization\",\"@id\":\"https:\/\/uqam.ca\/#organization\",\"name\":\"Universit\u00e9 du Qu\u00e9bec \u00e0 Montr\u00e9al\",\"url\":\"https:\/\/uqam.ca\",\"alternateName\":\"UQAM\",\"logo\":\"https:\/\/gabarit-adaptatif.uqam.ca\/statique\/images\/logo-uqam.jpg\"}}]}<\/script>\n<!-- \/ Yoast SEO plugin. -->","yoast_head_json":{"title":"Dans les m\u00e9dias | Centre des livres rares et collections sp\u00e9ciales | UQAM","robots":{"index":"index","follow":"follow","max-snippet":"max-snippet:-1","max-image-preview":"max-image-preview:large","max-video-preview":"max-video-preview:-1"},"canonical":"https:\/\/sites-bibliotheques.uqam.ca\/livres-rares\/dans-les-medias\/","og_locale":"fr_CA","og_type":"article","og_title":"Dans les m\u00e9dias | Centre des livres rares et collections sp\u00e9ciales | UQAM","og_description":"2022 Fannie Dionne. (2022, 3 octobre). Franciscana : renaissance d\u2019une collection. Pr\u00e9sence \u2013 information religieuse. https:\/\/presence-info.ca\/article\/actualite\/culture\/livres\/franciscana-renaissance-dune-collection\/ 2021 (2021, 14 octobre). On appelle Maxime Laprade \u00e0 propos du legs de livres rares re\u00e7u par l\u2019UQAM. Radio-Canada, Plus on est de fous, plus on lit! https:\/\/ici.radio-canada.ca\/ohdio\/premiere\/emissions\/plus-on-est-de-fous-plus-on-lit\/episodes\/576978\/rattrapage-du-jeudi-14-octobre-2021\/4 Pierre-Etienne Caza. (2021, 12 octobre). Pr\u00e9cieux don de livres \u00e0 l\u2019UQAM [&hellip;]","og_url":"https:\/\/sites-bibliotheques.uqam.ca\/livres-rares\/dans-les-medias\/","og_site_name":"Centre des livres rares et collections sp\u00e9ciales","article_modified_time":"2023-02-08T19:25:05+00:00","og_image":[{"url":"https:\/\/sites-bibliotheques.uqam.ca\/livres-rares\/wp-content\/uploads\/sites\/3\/2022\/07\/2022-07-13_11-26-00.jpg","type":"","width":"","height":""}],"twitter_card":"summary_large_image","twitter_misc":{"Estimation du temps de lecture":"2 minutes"},"schema":{"@context":"https:\/\/schema.org","@graph":[{"@type":"WebPage","@id":"https:\/\/sites-bibliotheques.uqam.ca\/livres-rares\/dans-les-medias\/","url":"https:\/\/sites-bibliotheques.uqam.ca\/livres-rares\/dans-les-medias\/","name":"Dans les m\u00e9dias | Centre des livres rares et collections sp\u00e9ciales | UQAM","isPartOf":{"@id":"https:\/\/sites-bibliotheques.uqam.ca\/livres-rares\/#website"},"primaryImageOfPage":{"@id":"https:\/\/sites-bibliotheques.uqam.ca\/livres-rares\/dans-les-medias\/#primaryimage"},"image":{"@id":"https:\/\/sites-bibliotheques.uqam.ca\/livres-rares\/dans-les-medias\/#primaryimage"},"thumbnailUrl":"https:\/\/sites-bibliotheques.uqam.ca\/livres-rares\/wp-content\/uploads\/sites\/3\/2022\/07\/2022-07-13_11-26-00.jpg","datePublished":"2022-07-13T14:49:38+00:00","dateModified":"2023-02-08T19:25:05+00:00","breadcrumb":{"@id":"https:\/\/sites-bibliotheques.uqam.ca\/livres-rares\/dans-les-medias\/#breadcrumb"},"inLanguage":"fr-CA","potentialAction":[{"@type":"ReadAction","target":["https:\/\/sites-bibliotheques.uqam.ca\/livres-rares\/dans-les-medias\/"]}]},{"@type":"ImageObject","inLanguage":"fr-CA","@id":"https:\/\/sites-bibliotheques.uqam.ca\/livres-rares\/dans-les-medias\/#primaryimage","url":"https:\/\/sites-bibliotheques.uqam.ca\/livres-rares\/wp-content\/uploads\/sites\/3\/2022\/07\/2022-07-13_11-26-00.jpg","contentUrl":"https:\/\/sites-bibliotheques.uqam.ca\/livres-rares\/wp-content\/uploads\/sites\/3\/2022\/07\/2022-07-13_11-26-00.jpg","width":400,"height":399},{"@type":"WebSite","@id":"https:\/\/sites-bibliotheques.uqam.ca\/livres-rares\/#website","url":"https:\/\/sites-bibliotheques.uqam.ca\/livres-rares\/","name":"Centre des livres rares et collections sp\u00e9ciales","description":"Un site utilisant Site des biblioth\u00e8ques en DEV","publisher":{"@id":"https:\/\/sites-bibliotheques.uqam.ca\/livres-rares\/#organization"},"potentialAction":[{"@type":"SearchAction","target":{"@type":"EntryPoint","urlTemplate":"https:\/\/sites-bibliotheques.uqam.ca\/livres-rares\/recherche\/?q={search_term_string}"},"query-input":{"@type":"PropertyValueSpecification","valueRequired":true,"valueName":"search_term_string"}}],"inLanguage":"fr-CA"},{"@type":"Organization","@id":"https:\/\/sites-bibliotheques.uqam.ca\/livres-rares\/#organization","name":"Centre de consultation des livres rares","url":"https:\/\/sites-bibliotheques.uqam.ca\/livres-rares\/","logo":{"@type":"ImageObject","inLanguage":"fr-CA","@id":"https:\/\/sites-bibliotheques.uqam.ca\/livres-rares\/#\/schema\/logo\/image\/","url":"https:\/\/gabarit-adaptatif.uqam.ca\/statique\/images\/logo-uqam.jpg","contentUrl":"","caption":"Centre de consultation des livres rares"},"image":{"@id":"https:\/\/sites-bibliotheques.uqam.ca\/livres-rares\/#\/schema\/logo\/image\/"},"parentOrganization":{"@type":"EducationalOrganization","@id":"https:\/\/uqam.ca\/#organization","name":"Universit\u00e9 du Qu\u00e9bec \u00e0 Montr\u00e9al","url":"https:\/\/uqam.ca","alternateName":"UQAM","logo":"https:\/\/gabarit-adaptatif.uqam.ca\/statique\/images\/logo-uqam.jpg"}}]}},"coauthors":[],"author_meta":{"author_link":"https:\/\/sites-bibliotheques.uqam.ca\/livres-rares\/author\/laporte_jon\/","display_name":"Laporte, Jonathan"},"relative_dates":{"created":"Posted 4 ann\u00e9es ago","modified":"Updated 3 ann\u00e9es ago"},"absolute_dates":{"created":"Posted on 13 juillet 2022","modified":"Updated on 8 f\u00e9vrier 2023"},"absolute_dates_time":{"created":"Posted on 13 juillet 2022 14 h 49 min","modified":"Updated on 8 f\u00e9vrier 2023 19 h 25 min"},"featured_img_caption":"","featured_img":false,"series_order":"","_links":{"self":[{"href":"https:\/\/sites-bibliotheques.uqam.ca\/livres-rares\/wp-json\/wp\/v2\/pages\/469","targetHints":{"allow":["GET"]}}],"collection":[{"href":"https:\/\/sites-bibliotheques.uqam.ca\/livres-rares\/wp-json\/wp\/v2\/pages"}],"about":[{"href":"https:\/\/sites-bibliotheques.uqam.ca\/livres-rares\/wp-json\/wp\/v2\/types\/page"}],"author":[{"embeddable":true,"href":"https:\/\/sites-bibliotheques.uqam.ca\/livres-rares\/wp-json\/wp\/v2\/users\/1"}],"replies":[{"embeddable":true,"href":"https:\/\/sites-bibliotheques.uqam.ca\/livres-rares\/wp-json\/wp\/v2\/comments?post=469"}],"version-history":[{"count":14,"href":"https:\/\/sites-bibliotheques.uqam.ca\/livres-rares\/wp-json\/wp\/v2\/pages\/469\/revisions"}],"predecessor-version":[{"id":1040,"href":"https:\/\/sites-bibliotheques.uqam.ca\/livres-rares\/wp-json\/wp\/v2\/pages\/469\/revisions\/1040"}],"wp:attachment":[{"href":"https:\/\/sites-bibliotheques.uqam.ca\/livres-rares\/wp-json\/wp\/v2\/media?parent=469"}],"wp:term":[{"taxonomy":"category","embeddable":true,"href":"https:\/\/sites-bibliotheques.uqam.ca\/livres-rares\/wp-json\/wp\/v2\/categories?post=469"}],"curies":[{"name":"wp","href":"https:\/\/api.w.org\/{rel}","templated":true}]}}